{"id":899,"date":"2021-05-22T17:01:55","date_gmt":"2021-05-22T15:01:55","guid":{"rendered":"https:\/\/www.ifz-international.de\/?page_id=899"},"modified":"2021-05-23T14:01:36","modified_gmt":"2021-05-23T12:01:36","slug":"bertram-likursi-geschichte-als-anhaeufung-von-gewesenem","status":"publish","type":"page","link":"https:\/\/www.ifz-international.de\/?page_id=899","title":{"rendered":"Bertram Likursi: Geschichte als Anh\u00e4ufung von Gewesenem"},"content":{"rendered":"\n<figure class=\"wp-block-image size-large\"><img loading=\"lazy\" decoding=\"async\" width=\"800\" height=\"800\" src=\"https:\/\/www.ifz-international.de\/wp-content\/uploads\/2021\/05\/imersch_cover_geschichte21.jpg\" alt=\"\" class=\"wp-image-882\" srcset=\"https:\/\/www.ifz-international.de\/wp-content\/uploads\/2021\/05\/imersch_cover_geschichte21.jpg 800w, https:\/\/www.ifz-international.de\/wp-content\/uploads\/2021\/05\/imersch_cover_geschichte21-300x300.jpg 300w, https:\/\/www.ifz-international.de\/wp-content\/uploads\/2021\/05\/imersch_cover_geschichte21-150x150.jpg 150w, https:\/\/www.ifz-international.de\/wp-content\/uploads\/2021\/05\/imersch_cover_geschichte21-768x768.jpg 768w\" sizes=\"(max-width: 800px) 100vw, 800px\" \/><\/figure>\n\n\n\n<p><span style=\"color:#ffffff\" class=\"has-inline-color\">\u2026\u2026\u2026\u2026\u2026\u2026\u2026\u2026\u2026\u2026<\/span><\/p>\n\n\n\n<p class=\"has-drop-cap\">Bertram Likursis erstmals 1968 ver\u00f6ffentlichtes Werk <em>Geschichte als Anh\u00e4ufung von Gewesenem<\/em> gilt als eine der gro\u00dfen revisionistischen Schriften im Bereich der modernen Geschichtsschreibung. Die bis dato g\u00fcltigen Annahmen \u00fcber das reflexive Beschreiben und Erfahren von Vergangenheit aus der Perspektive historischer Eindeutigkeit heraus werden von Likursi auf unterschiedlichen Ebenen einer komplexen aber zielgerichteten Korrektur unterzogen.<br><br>Im Zentrum der Kritik des ungarisch-j\u00fcdischen Wissenschaftlers Likursi befinden sich insbesondere die geschichtsphilosophischen Ausf\u00fchrungen Walter Benjamins. Likursi entlarvt in den Kapiteln 3 (\u2018Korrelation von Verwandlungen und Schemata\u2019) und 4 (\u2018Die Einheit im noch zu Erlebenden aus der Vergangenheit heraus\u2019) Benjamins \u00dcberlegungen zu Paul Klees ber\u00fchmt gewordener Strichzeichnung <em>Angelus Novus<\/em> aus dem Jahr 1920 als einen groben Taschenspielertrick. In einer \u2013 von Polemik nicht immer ganz befreiten \u2013 Abarbeitung an dem Konzept des \u2018Historischen Materialismus\u2019 kommt Likursi zu einer vernichtenden Analyse des sogenannten \u2018Engels der Geschichte\u2019.<br><br>Likursi enttarnt die Zeichnung Klees in einer chiastischen Parallel-Analyse als \u201calberne Kritzelei\u201d und die obskuren metaphysischen Ausf\u00fchrungen Benjamins als \u201cden vielleicht gr\u00f6\u00dften und folgenreichsten Erb-Schwindel in der Geschichte des Denkens\u201d.<br><br>Anders als ein Sinnen \u00fcber Geschichte, das aus einer stark psychologisierenden Komponente heraus zu argumentieren sucht, schl\u00e4gt Likursi in einem siebten und letzten Kapitel (\u2018Der Haufen\u2019) ein neues Modell der Kontemplation vor. Geschichte ist weder Zeitstrahl (fehlende Bifurkation in der Beschreibbarkeit von Ort und Zeit) noch Summe subjektiver Kollektivwahrnehmung innerhalb eines bestimmt-kontingenten Diskurses. Geschichte muss \u2013 will sie objektiv Beschreibungen \u00fcber Vergangenes anstellen \u2013 zun\u00e4chst den Haufen des Gewesenen vor der Versuchsanalyse auft\u00fcrmen und gewisserma\u00dfen physisch und zielgerichtet darin w\u00fchlen. Wie Likursi dies argumentativ anachronistisch und den Kreis schlie\u00dfend in einem sich \u00fcber 600 Seiten erstreckenden letzten Kapitel gelingt, darf als eine der Sternstunden der zeitgen\u00f6ssischen Wissenschaft verstanden werden und lohnt auch heute noch die fesselnde und wegweisende Lekt\u00fcre.<br><br>Mit einem Nachwort zur Entstehung dieser Edition von Timon Karl Kaleyta.<br><br>Erstausgabe 1968 | Neuauflage im Erscheinen 2022.<br><br>Titelbild nach einer Vorlage von Nils Geylen, 2006.<\/p>\n","protected":false},"excerpt":{"rendered":"<p>\u2026\u2026\u2026\u2026\u2026\u2026\u2026\u2026\u2026\u2026 Bertram Likursis erstmals 1968 ver\u00f6ffentlichtes Werk Geschichte als Anh\u00e4ufung von Gewesenem gilt als eine der gro\u00dfen revisionistischen Schriften im Bereich der modernen Geschichtsschreibung. Die bis dato g\u00fcltigen Annahmen \u00fcber das reflexive Beschreiben und Erfahren von Vergangenheit aus der Perspektive historischer Eindeutigkeit heraus werden von Likursi auf unterschiedlichen Ebenen einer komplexen aber zielgerichteten Korrektur unterzogen. [&hellip;]<\/p>\n","protected":false},"author":1,"featured_media":0,"parent":0,"menu_order":0,"comment_status":"closed","ping_status":"closed","template":"","meta":{"footnotes":""},"class_list":["post-899","page","type-page","status-publish","hentry"],"_links":{"self":[{"href":"https:\/\/www.ifz-international.de\/index.php?rest_route=\/wp\/v2\/pages\/899"}],"collection":[{"href":"https:\/\/www.ifz-international.de\/index.php?rest_route=\/wp\/v2\/pages"}],"about":[{"href":"https:\/\/www.ifz-international.de\/index.php?rest_route=\/wp\/v2\/types\/page"}],"author":[{"embeddable":true,"href":"https:\/\/www.ifz-international.de\/index.php?rest_route=\/wp\/v2\/users\/1"}],"replies":[{"embeddable":true,"href":"https:\/\/www.ifz-international.de\/index.php?rest_route=%2Fwp%2Fv2%2Fcomments&post=899"}],"version-history":[{"count":3,"href":"https:\/\/www.ifz-international.de\/index.php?rest_route=\/wp\/v2\/pages\/899\/revisions"}],"predecessor-version":[{"id":1041,"href":"https:\/\/www.ifz-international.de\/index.php?rest_route=\/wp\/v2\/pages\/899\/revisions\/1041"}],"wp:attachment":[{"href":"https:\/\/www.ifz-international.de\/index.php?rest_route=%2Fwp%2Fv2%2Fmedia&parent=899"}],"curies":[{"name":"wp","href":"https:\/\/api.w.org\/{rel}","templated":true}]}}