{"id":859,"date":"2021-05-22T16:37:55","date_gmt":"2021-05-22T14:37:55","guid":{"rendered":"https:\/\/www.ifz-international.de\/?page_id=859"},"modified":"2021-05-23T13:37:22","modified_gmt":"2021-05-23T11:37:22","slug":"das-programm-des-im-erscheinen-verlags","status":"publish","type":"page","link":"https:\/\/www.ifz-international.de\/?page_id=859","title":{"rendered":"Das Programm"},"content":{"rendered":"\n<p>Der <em>Im Erscheinen Verlag<\/em> ist der einzige deutsche Verlag mit einem Schwerpunkt auf Publikationen, die sich im Erscheinen befinden. Das Programm beinhaltet ein breites Spektrum an wissenschaftlicher Fachliteratur, Romanen, Sachb\u00fcchern und Bildb\u00e4nden.<\/p>\n\n\n\n<p><\/p>\n\n\n\n<p>Hier eine Auswahl seiner Ver\u00f6ffentlichungen:<\/p>\n\n\n\n<p><\/p>\n\n\n\n<p>Max Schemmler<br><em><a href=\"https:\/\/www.ifz-international.de\/?page_id=862\" target=\"_blank\" rel=\"noreferrer noopener\">Soziologie im Labor<\/a><\/em><\/p>\n\n\n\n<p>Steve Geil<br><em><a href=\"https:\/\/www.ifz-international.de\/?page_id=913\" target=\"_blank\" rel=\"noreferrer noopener\">Die Raute. Studien zu einer Philosophie geometrischer Formen<\/a><\/em><\/p>\n\n\n\n<p>Bertram Likursi<br><em><a href=\"https:\/\/www.ifz-international.de\/?page_id=899\" target=\"_blank\" rel=\"noreferrer noopener\">Geschichte als Anh\u00e4ufung von Gewesenem<\/a><\/em><\/p>\n\n\n\n<p>Timon Karl Kaleyta<br><em><a href=\"https:\/\/www.ifz-international.de\/?page_id=922\" target=\"_blank\" rel=\"noreferrer noopener\">Die Windenergiel\u00fcge. Negativdialektik eines rot-gr\u00fcnen Traumas<\/a><\/em><\/p>\n\n\n\n<p>Samira El Ouassil<br><em><a rel=\"noreferrer noopener\" href=\"https:\/\/www.ifz-international.de\/?page_id=940\" target=\"_blank\">Motivation durch Negation. Eine Anthologie der Angst in drei B\u00e4nden<\/a><\/em><\/p>\n\n\n\n<p>Martin Martin Schlesinger<br><em><a href=\"https:\/\/www.ifz-international.de\/?page_id=933\" target=\"_blank\" rel=\"noreferrer noopener\">Science Fashion<\/a><\/em><\/p>\n\n\n\n<p>Tilman Ezra M\u00fchlenberg<br><em><a href=\"https:\/\/www.ifz-international.de\/?page_id=918\" target=\"_blank\" rel=\"noreferrer noopener\">Planet der Absicht. Im Diesseits der Intention I<\/a><\/em><\/p>\n\n\n\n<p>Stefanie Roenneke<br><a href=\"https:\/\/www.ifz-international.de\/?page_id=1007\" target=\"_blank\" rel=\"noreferrer noopener\"><em>Handbuch f\u00fcr prek\u00e4re Zeiten<\/em><\/a><\/p>\n\n\n\n<p>Timon Karl Kaleyta<br><a rel=\"noreferrer noopener\" href=\"https:\/\/www.ifz-international.de\/?page_id=928\" target=\"_blank\"><em>From Lehman to Luhmann: Systemtheorie in der (Banken-)Krise<\/em><\/a><\/p>\n\n\n\n<p>Martin Martin Schlesinger<br><em><a href=\"https:\/\/www.ifz-international.de\/?page_id=960\" target=\"_blank\" rel=\"noreferrer noopener\">Kalligraphie und Kalifat<\/a><\/em><\/p>\n\n\n\n<p>Stefanie Roenneke<br><em><a href=\"https:\/\/www.ifz-international.de\/?page_id=1011\" target=\"_blank\" rel=\"noreferrer noopener\">Der pr\u00e4zise Aufritt<\/a><\/em><\/p>\n\n\n\n<p>Institut f\u00fcr Zeitgenossenschaft IFZ<br><em><a href=\"https:\/\/www.ifz-international.de\/?page_id=965\" target=\"_blank\" rel=\"noreferrer noopener\">10 Jahre | Die 100 wichtigsten Dinge | 100 Revisionen<\/a><\/em><\/p>\n\n\n\n<p>Institut f\u00fcr Zeitgenossenschaft IFZ<br><em><a href=\"https:\/\/www.ifz-international.de\/?page_id=39\" target=\"_blank\" rel=\"noreferrer noopener\">Die 100 wichtigsten Dinge<\/a><\/em><\/p>\n","protected":false},"excerpt":{"rendered":"<p>Der Im Erscheinen Verlag ist der einzige deutsche Verlag mit einem Schwerpunkt auf Publikationen, die sich im Erscheinen befinden. Das Programm beinhaltet ein breites Spektrum an wissenschaftlicher Fachliteratur, Romanen, Sachb\u00fcchern und Bildb\u00e4nden. Hier eine Auswahl seiner Ver\u00f6ffentlichungen: Max SchemmlerSoziologie im Labor Steve GeilDie Raute. Studien zu einer Philosophie geometrischer Formen Bertram LikursiGeschichte als Anh\u00e4ufung von [&hellip;]<\/p>\n","protected":false},"author":1,"featured_media":0,"parent":0,"menu_order":0,"comment_status":"closed","ping_status":"closed","template":"","meta":{"footnotes":""},"class_list":["post-859","page","type-page","status-publish","hentry"],"_links":{"self":[{"href":"https:\/\/www.ifz-international.de\/index.php?rest_route=\/wp\/v2\/pages\/859"}],"collection":[{"href":"https:\/\/www.ifz-international.de\/index.php?rest_route=\/wp\/v2\/pages"}],"about":[{"href":"https:\/\/www.ifz-international.de\/index.php?rest_route=\/wp\/v2\/types\/page"}],"author":[{"embeddable":true,"href":"https:\/\/www.ifz-international.de\/index.php?rest_route=\/wp\/v2\/users\/1"}],"replies":[{"embeddable":true,"href":"https:\/\/www.ifz-international.de\/index.php?rest_route=%2Fwp%2Fv2%2Fcomments&post=859"}],"version-history":[{"count":20,"href":"https:\/\/www.ifz-international.de\/index.php?rest_route=\/wp\/v2\/pages\/859\/revisions"}],"predecessor-version":[{"id":1027,"href":"https:\/\/www.ifz-international.de\/index.php?rest_route=\/wp\/v2\/pages\/859\/revisions\/1027"}],"wp:attachment":[{"href":"https:\/\/www.ifz-international.de\/index.php?rest_route=%2Fwp%2Fv2%2Fmedia&parent=859"}],"curies":[{"name":"wp","href":"https:\/\/api.w.org\/{rel}","templated":true}]}}