{"id":148,"date":"2013-02-22T17:44:45","date_gmt":"2013-02-22T15:44:45","guid":{"rendered":"http:\/\/www.institutfuerzeitgenossenschaft.de\/?page_id=148"},"modified":"2026-01-22T17:43:55","modified_gmt":"2026-01-22T15:43:55","slug":"martin-schlesinger","status":"publish","type":"page","link":"https:\/\/www.ifz-international.de\/?page_id=148","title":{"rendered":"Martin Martin Schlesinger"},"content":{"rendered":"<p><a href=\"http:\/\/www.institutfuerzeitgenossenschaft.de\/wp-content\/uploads\/2013\/02\/ifz_martinschlesinger1.jpg\"><img loading=\"lazy\" decoding=\"async\" class=\"alignnone size-full wp-image-149\" src=\"http:\/\/www.ifz-international.de\/wp-content\/uploads\/2013\/02\/mischalorenz_ifz_presse_05_web.jpg\" alt=\"ifz_martinschlesinger\" width=\"800\" height=\"1200\" \/><\/a><\/p>\n<p dir=\"ltr\">Martin Martin Schlesinger<br \/>\nBeirat<\/p>\n<p><b><b>\u00a0<\/b><\/b><\/p>\n<p dir=\"ltr\">Martin Martin Schlesinger ist Autor, Wissenschaftler, Musiker, Filmemacher. Gr\u00fcndete den renommierten <em>Im Erscheinen Verlag<\/em>, den Hausverlag des Instituts f\u00fcr Zeitgenossenschaft IFZ. Nach einem Studium der Medienkultur am Weimarer Bauhaus, wo er allen bekannten und f\u00fcr die Publikation <em>Die 100 wichtigsten Dinge<\/em> relevanten Denkern der Gegenwart pers\u00f6nlich begegnete, lehrte er an der Universit\u00e4t zu Bochum. In seinem zweij\u00e4hrigen s\u00fcdamerikanischen Exil erforschte er in Belo Horizonte das Brasilien der Bilder und in Rio de Janeiro die \u00c4sthetik kinematografischer Enge. Er gilt als Entdecker des filmischen Neonrealismus. Als S\u00e4nger und Musiker ist er Mitglied des Projekts <em>Kummer<\/em>.<\/p>\n<p dir=\"ltr\"><strong>Publikationen (Auswahl)<\/strong><\/p>\n<p dir=\"ltr\"><em>Deutschlands sch\u00f6nste Sackgassen. Eine Reise an das Ende der Infrastruktur<\/em>, Im Erscheinen,\u00a0D\u00fcsseldorf 2023.<br \/>\n<em>Von A wie Zierfisch bis Z wie Aphasie &#8211; Einf\u00fchrung in die komparatistische Etymologie<\/em>, Im Erscheinen, D\u00fcsseldorf 2024.<br \/>\n<em>Zitation und Klimawandel. Die Zerst\u00f6rung der Erde durch die Referenzlogik der Wissenschaft<\/em>, Im Erscheinen,\u00a0D\u00fcsseldorf 2030.<\/p>\n<p dir=\"ltr\"><strong>Film &amp; Video (Auswahl)<\/strong><\/p>\n<p><a href=\"https:\/\/vimeo.com\/15386907\"><em>Odyssee und Nahverkehr<\/em> (2012)<\/a><b><b><br \/>\n<\/b><\/b><\/p>\n<p dir=\"ltr\"><em>Susanne Blech | Verschweig mir deine Not<\/em>\u00a0(2021)<br \/>\n<a title=\"Susanne Blech | Du &amp; Ich\" href=\"https:\/\/www.youtube.com\/watch?v=ypEpFnq3CA0\" target=\"_blank\" rel=\"noopener noreferrer\">https:\/\/www.youtube.com\/watch?v=A0tpW8QHNcA<\/a><\/p>\n<p dir=\"ltr\"><em>Susanne Blech | St\u00e9phanie von Monaco<\/em>\u00a0(2021)<br \/>\n<a href=\"https:\/\/www.youtube.com\/watch?v=QHth7IwJbC0\">http:\/\/www.youtube.com\/watch?v=lu2_UBrfuDQ<\/a><\/p>\n","protected":false},"excerpt":{"rendered":"<p>Martin Martin Schlesinger Beirat \u00a0 Martin Martin Schlesinger ist Autor, Wissenschaftler, Musiker, Filmemacher. Gr\u00fcndete den renommierten Im Erscheinen Verlag, den Hausverlag des Instituts f\u00fcr Zeitgenossenschaft IFZ. Nach einem Studium der Medienkultur am Weimarer Bauhaus, wo er allen bekannten und f\u00fcr die Publikation Die 100 wichtigsten Dinge relevanten Denkern der Gegenwart pers\u00f6nlich begegnete, lehrte er an [&hellip;]<\/p>\n","protected":false},"author":1,"featured_media":0,"parent":0,"menu_order":0,"comment_status":"closed","ping_status":"closed","template":"","meta":{"footnotes":""},"class_list":["post-148","page","type-page","status-publish","hentry"],"_links":{"self":[{"href":"https:\/\/www.ifz-international.de\/index.php?rest_route=\/wp\/v2\/pages\/148"}],"collection":[{"href":"https:\/\/www.ifz-international.de\/index.php?rest_route=\/wp\/v2\/pages"}],"about":[{"href":"https:\/\/www.ifz-international.de\/index.php?rest_route=\/wp\/v2\/types\/page"}],"author":[{"embeddable":true,"href":"https:\/\/www.ifz-international.de\/index.php?rest_route=\/wp\/v2\/users\/1"}],"replies":[{"embeddable":true,"href":"https:\/\/www.ifz-international.de\/index.php?rest_route=%2Fwp%2Fv2%2Fcomments&post=148"}],"version-history":[{"count":28,"href":"https:\/\/www.ifz-international.de\/index.php?rest_route=\/wp\/v2\/pages\/148\/revisions"}],"predecessor-version":[{"id":1099,"href":"https:\/\/www.ifz-international.de\/index.php?rest_route=\/wp\/v2\/pages\/148\/revisions\/1099"}],"wp:attachment":[{"href":"https:\/\/www.ifz-international.de\/index.php?rest_route=%2Fwp%2Fv2%2Fmedia&parent=148"}],"curies":[{"name":"wp","href":"https:\/\/api.w.org\/{rel}","templated":true}]}}