{"id":39,"date":"2013-02-22T16:00:21","date_gmt":"2013-02-22T14:00:21","guid":{"rendered":"http:\/\/www.institutfuerzeitgenossenschaft.de\/?page_id=39"},"modified":"2021-05-23T13:59:32","modified_gmt":"2021-05-23T11:59:32","slug":"publikationen","status":"publish","type":"page","link":"http:\/\/www.ifz-international.de\/?page_id=39","title":{"rendered":"Im Erscheinen Verlag"},"content":{"rendered":"\n<figure class=\"wp-block-image size-large\"><img loading=\"lazy\" decoding=\"async\" width=\"1024\" height=\"487\" src=\"https:\/\/www.ifz-international.de\/wp-content\/uploads\/2021\/05\/D\u00fcsseldorfer-Index-1024x487.jpg\" alt=\"\" class=\"wp-image-1028\" srcset=\"http:\/\/www.ifz-international.de\/wp-content\/uploads\/2021\/05\/D\u00fcsseldorfer-Index-1024x487.jpg 1024w, http:\/\/www.ifz-international.de\/wp-content\/uploads\/2021\/05\/D\u00fcsseldorfer-Index-300x143.jpg 300w, http:\/\/www.ifz-international.de\/wp-content\/uploads\/2021\/05\/D\u00fcsseldorfer-Index-768x365.jpg 768w, http:\/\/www.ifz-international.de\/wp-content\/uploads\/2021\/05\/D\u00fcsseldorfer-Index-1536x730.jpg 1536w, http:\/\/www.ifz-international.de\/wp-content\/uploads\/2021\/05\/D\u00fcsseldorfer-Index-2048x974.jpg 2048w\" sizes=\"(max-width: 1024px) 100vw, 1024px\" \/><\/figure>\n\n\n\n<p><span style=\"color:#ffffff\" class=\"has-inline-color\">\u2026\u2026\u2026\u2026\u2026\u2026\u2026\u2026\u2026\u2026<\/span><\/p>\n\n\n<p>Die Publikationen des IFZ und solche, die mit seiner Unterst\u00fctzung entstehen, erscheinen im eigenen Hausverlag, dem <em><a href=\"https:\/\/www.ifz-international.de\/?page_id=855\">Im Erscheinen Verlag<\/a><\/em>.<\/p>\n<p>Der <em>Im Erscheinen Verlag<\/em> ist der einzige deutsche Verlag mit einem Schwerpunkt auf Publikationen, die sich im Erscheinen befinden. Das Programm beinhaltet ein breites Spektrum an wissenschaftlicher Fachliteratur, Romanen, Sachb\u00fcchern und Bildb\u00e4nden.<\/p>\n<p>Seit 2011 wird der Verlag federf\u00fchrend durch das Institut f\u00fcr Zeitgenossenschaft IFZ, D\u00fcsseldorf geleitet.<\/p>\n<p><a href=\"https:\/\/www.ifz-international.de\/?page_id=859\"><strong>Das Programm des <em>Im Erscheinen Verlags<\/em><\/strong><\/a><\/p>\n<p><img loading=\"lazy\" decoding=\"async\" width=\"290\" height=\"128\" class=\"wp-image-268 alignnone\" src=\"http:\/\/www.ifz-international.de\/wp-content\/uploads\/2013\/02\/IEV_logo1.png\" alt=\"Im Erscheinen Logo\" \/><\/p>\n<p>\u2026\u2026\u2026\u2026\u2026\u2026\u2026\u2026\u2026\u2026<\/p>\n<p><strong><br \/>Aktuellste Publikation<\/strong><\/p>\n<p><img loading=\"lazy\" decoding=\"async\" class=\"alignleft\" src=\"http:\/\/www.ifz-international.de\/wp-content\/uploads\/2015\/12\/100dinge_cover.jpg\" alt=\"\" width=\"286\" height=\"283\" \/><br \/><strong>Die 100 wichtigsten Dinge<\/strong><\/p>\n<p>Das erste Buch der letzten Wahrheiten!<\/p>\n<p>Nach intensiver Recherche und Analyse pr\u00e4sentiert das Institut f\u00fcr Zeitgenossenschaft IFZ in einem umfassenden Grundlagenwerk erstmalig die Ergebnisse jahrelanger Forschungsarbeit: Mit <em>Die 100 wichtigsten Dinge<\/em> gibt das IFZ ein Kompendium heraus, das sich jeglicher simplifizierenden Logik widersetzt und trotzdem sch\u00f6n anzusehen ist. Das Ziel: die Benennung der letzten materiellen Wahrheiten in einer endg\u00fcltigen, auch f\u00fcr den Nicht-Wissenschaftler verst\u00e4ndlichen Auswahl von genau 100 Dingen \u2013 den wichtigsten (!) Dingen.<\/p>\n<p>Das mag zun\u00e4chst wenig spektakul\u00e4r anmuten, doch mit der Reduktion auf 100 Texte und 100 Fotografien stellt dieser Band den ersten Leitfaden zur Orientierung in unserer heutigen Wissensgesellschaft dar und er\u00f6ffnet dem Leser eine v\u00f6llig neue Perspektive auf die Welt der Dinge.<\/p>\n<p>Ein Buch f\u00fcr jeden, der wissen m\u00f6chte, was <em>Die 100 wichtigsten Dinge<\/em> sind, und somit mehr wissen m\u00f6chte, als er bisher wei\u00df.<\/p>\n<p>Hrsg. Martin Martin Schlesinger, Timon Karl Kaleyta, Tilman Ezra M\u00fchlenberg, Samira El Ouassil<br \/>Mit Gastbeitr\u00e4gen von Katja Eichinger, Rafael Horzon, Sophie Hunger, Daniel Kehlmann, Holger Liebs, Markus L\u00fcpertz, Magnus Resch, Peter Richter, Claudius Seidl, Christiane Stenger u.a.<br \/>Fotografien: <a href=\"http:\/\/www.mischalorenz.de\/\">Mischa Lorenz<\/a><br \/>Gestaltung: <a href=\"http:\/\/langesommer.de\/\">Langesommer &#8211; Atelier f\u00fcr Grafikdesign und Typografie<\/a><\/p>\n<p>Eine Kooperation der Verlage <a href=\"http:\/\/www.hatjecantz.de\/die-100-wichtigsten-dinge-6672-0.html\">Hatje Cantz<\/a> und Im Erscheinen.<\/p>\n<p>Deutschland 2016<br \/>256 Seiten, 100 Abb.<br \/>19,50 x 19,50 cm<br \/>gebunden<br \/>ISBN 978-3-7757-4114-9<\/p>\n<p>Ein gro\u00dfer Teil der Finanzierung dieser Publikation wurde durch eine Crowdfunding-Kampagne \u00fcber <a href=\"https:\/\/www.startnext.com\/100dinge \"><em>Startnext<\/em><\/a> erm\u00f6glicht.<\/p>\n<p>Besonders hervorheben m\u00f6chte das Institut die wissenschaftliche wie monet\u00e4re Mithilfe folgender ber\u00fchmter Zeitgenossenschaftler:<\/p>\n<p>Esra Aydin, \u00a0Sabrina Blembel, Stephanie, Blume, \u00a0Dominic Boeer, \u00a0Ingmar Burmann, \u00a0Deana &amp; Jean D\u00e4hne, \u00a0Xavier Dolan, \u00a0Kathrin, Euler, \u00a0Oliver Fahle, \u00a0Rubin Friedrich, \u00a0Diane Fr\u00f6hnel-Djitt\u00e9, \u00a0Bernd Gajewski, \u00a0Kai Gesing, \u00a0Anja Gottwaldt, Robin Hemmer, \u00a0Michael H\u00fclsmeyer, Oliver Ihrens, \u00a0Enrico Karolczak, \u00a0Edward Klingenberg, \u00a0Serge Andreas Knopf, \u00a0Theodoros, Kudios, \u00a0Wolfgang Lackerschmid, Sebastian Maier, \u00a0Ingo J. Mathes, Heather Merckle, Philipp M\u00fchlenberg, \u00a0Lili Negroni, Patrick Niemeier, \u00a0Mathias Richel, Christian Riege, Martin Ringwelski, \u00a0Stefanie Roenneke, Bernd Ruffer, \u00a0Franziska Schlesinger, \u00a0Stefanie Schlesinger, \u00a0Philipp Sturm, \u00a0Gediz Taskaya, \u00a0Thomas Temme, \u00a0Anh Thu Vu.<em id=\"__mceDel\"><em id=\"__mceDel\">\u00a0<\/em><\/em><\/p>\n<p><img loading=\"lazy\" decoding=\"async\" class=\"alignleft\" src=\"http:\/\/www.ifz-international.de\/wp-content\/uploads\/2013\/02\/serviette-2.jpg\" alt=\"\" width=\"300\" height=\"300\" \/><br \/><strong>Die 100 Wichtigsten Dinge<\/strong><\/p>\n<p>Mit dem Publikationsprojekt <em>Die 100 Wichtigsten Dinge<\/em> verpflichtet sich das Institut f\u00fcr Zeitgenossenschaft im internationalen Kontext einem wissenschaftsaffinen Publikum. Vor der Ver\u00f6ffentlichung des Werkes, das sich im Erscheinen befindet, trat das IFZ 2012 im Museum Kunstpalast in D\u00fcsseldorf zun\u00e4chst mit einer ph\u00e4nomenologischen Installation an die \u00d6ffentlichkeit. \u2192 <a title=\"Die 100 wichtigsten Dinge \u2013 Publikation\" href=\"http:\/\/www.ifz-international.de\/?page_id=158\">weitere Informationen<\/a><\/p>","protected":false},"excerpt":{"rendered":"<p>\u2026\u2026\u2026\u2026\u2026\u2026\u2026\u2026\u2026\u2026 Die Publikationen des IFZ und solche, die mit seiner Unterst\u00fctzung entstehen, erscheinen im eigenen Hausverlag, dem Im Erscheinen Verlag. Der Im Erscheinen Verlag ist der einzige deutsche Verlag mit einem Schwerpunkt auf Publikationen, die sich im Erscheinen befinden. Das Programm beinhaltet ein breites Spektrum an wissenschaftlicher Fachliteratur, Romanen, Sachb\u00fcchern und Bildb\u00e4nden. Seit 2011 wird [&hellip;]<\/p>\n","protected":false},"author":1,"featured_media":0,"parent":0,"menu_order":0,"comment_status":"closed","ping_status":"closed","template":"","meta":{"footnotes":""},"class_list":["post-39","page","type-page","status-publish","hentry"],"_links":{"self":[{"href":"http:\/\/www.ifz-international.de\/index.php?rest_route=\/wp\/v2\/pages\/39"}],"collection":[{"href":"http:\/\/www.ifz-international.de\/index.php?rest_route=\/wp\/v2\/pages"}],"about":[{"href":"http:\/\/www.ifz-international.de\/index.php?rest_route=\/wp\/v2\/types\/page"}],"author":[{"embeddable":true,"href":"http:\/\/www.ifz-international.de\/index.php?rest_route=\/wp\/v2\/users\/1"}],"replies":[{"embeddable":true,"href":"http:\/\/www.ifz-international.de\/index.php?rest_route=%2Fwp%2Fv2%2Fcomments&post=39"}],"version-history":[{"count":65,"href":"http:\/\/www.ifz-international.de\/index.php?rest_route=\/wp\/v2\/pages\/39\/revisions"}],"predecessor-version":[{"id":1038,"href":"http:\/\/www.ifz-international.de\/index.php?rest_route=\/wp\/v2\/pages\/39\/revisions\/1038"}],"wp:attachment":[{"href":"http:\/\/www.ifz-international.de\/index.php?rest_route=%2Fwp%2Fv2%2Fmedia&parent=39"}],"curies":[{"name":"wp","href":"https:\/\/api.w.org\/{rel}","templated":true}]}}