{"id":158,"date":"2013-02-22T17:48:43","date_gmt":"2013-02-22T15:48:43","guid":{"rendered":"http:\/\/www.institutfuerzeitgenossenschaft.de\/?page_id=158"},"modified":"2021-06-25T15:17:03","modified_gmt":"2021-06-25T13:17:03","slug":"die-100-wichtigsten-dinge","status":"publish","type":"page","link":"http:\/\/www.ifz-international.de\/?page_id=158","title":{"rendered":"Die 100 Wichtigsten Dinge \/ Ausstellungen"},"content":{"rendered":"<p><a href=\"http:\/\/www.ifz-international.de\/wp-content\/uploads\/2013\/02\/panorama_web_d.jpg\"><img decoding=\"async\" class=\"alignnone size-full wp-image-366\" src=\"http:\/\/www.ifz-international.de\/wp-content\/uploads\/2015\/12\/Dinge-Panorama.jpg\" alt=\"panorama_web_d\" width=\"800px\" \/><\/a><\/p>\n<p><strong>Idee | Konzeption | <\/strong><strong>Texte<\/strong> Martin Martin Schlesinger, Timon Karl Kaleyta, Tilman Ezra M\u00fchlenberg, Mischa Lorenz, Samira El Ouassil, Jerome Vazhayil<br \/>\n<strong>Exhibition-Design | Plakat<\/strong> Mischa Lorenz<br \/>\n<strong>Sprecher<\/strong> Andreas Potulski<br \/>\n<strong>Gastautoren<\/strong> Volker Panzer, Claudius Seidl et. al.<\/p>\n<p dir=\"ltr\">Aus welchen Dingen k\u00f6nnte die Welt nach ihrem Untergang vollst\u00e4ndig rekonstruiert werden? Welche 100 Dinge sind somit als die wichtigsten \u00fcberhaupt zu bezeichnen? In der ph\u00e4nomenologischen Installation und der gleichlautenden Publikation <em>Die 100 wichtigsten Dinge<\/em> des Instituts f\u00fcr Zeitgenossenschaft (IFZ) wird ein Prinzip und eine eigenst\u00e4ndige Argumentation sichtbar, die sich einerseits einer schlichten Gegenst\u00e4ndlichkeit der Kunst und andererseits auch einer rein geisteswissenschaftlichen Erfassung der Dinge entzieht.<\/p>\n<p dir=\"ltr\"><a href=\"http:\/\/www.ifz-international.de\/wp-content\/uploads\/2013\/02\/tobiastextor_ifz_02.jpg\"><img decoding=\"async\" class=\"alignnone size-full wp-image-373\" src=\"http:\/\/www.ifz-international.de\/wp-content\/uploads\/2013\/02\/tobiastextor_ifz_02.jpg\" alt=\"tobiastextor_ifz_02\" width=\"800\" srcset=\"http:\/\/www.ifz-international.de\/wp-content\/uploads\/2013\/02\/tobiastextor_ifz_02.jpg 900w, http:\/\/www.ifz-international.de\/wp-content\/uploads\/2013\/02\/tobiastextor_ifz_02-300x200.jpg 300w\" sizes=\"(max-width: 900px) 100vw, 900px\" \/><\/a><br \/>\n<b><b><br \/>\n<\/b><\/b>Mit <em>Die 100 wichtigsten Dinge<\/em> er\u00f6ffnet, besetzt und erforscht das IFZ den kleinen, bisher vernachl\u00e4ssigten Sprach-, Denk- und Wissenskosmos, der knapp \u00fcber der Normalsprache und der dokumentarischen Darstellbarkeit der Welt sowie scharf unter der Begrifflichkeit und der abstrahierenden Visualisierungskultur theoretischer Weltanschauung zu verorten ist.<\/p>\n<p dir=\"ltr\">Zwischen konkreter Materialit\u00e4t und immaterieller Abstraktion wird nach dem \u00dcberdinglichen gesucht, das sich dem Stofflichen wie auch der Sprache entzieht und genau dadurch evident wird.<br \/>\nZwischen Ding und Deskription entsteht so die erste hinreichend ausf\u00fchrliche Enzyklop\u00e4die der Welt unter zeitgen\u00f6ssischen Bedingungen.<\/p>\n<p><a href=\"http:\/\/www.ifz-international.de\/wp-content\/uploads\/2017\/04\/Kreismuseum-Peine.jpg\"><img decoding=\"async\" class=\"alignnone size-full wp-image-366\" src=\"http:\/\/www.ifz-international.de\/wp-content\/uploads\/2017\/04\/Kreismuseum-Peine.jpg\" alt=\"Kreismuseum Peine\" width=\"800px\" \/><\/a><\/p>\n<p><iframe loading=\"lazy\" src=\"http:\/\/player.vimeo.com\/video\/59457767\" width=\"800\" height=\"450\" frameborder=\"0\" allowfullscreen=\"allowfullscreen\"><\/iframe><\/p>\n<p>Anl\u00e4sslich des 45. Jahrestags der Er\u00f6ffnung der <em>D\u00fcsseldorfer Konferenzen<\/em> (31. August 1968) lud das Institut f\u00fcr Zeitgenossenschaft IFZ am 31. August 2013\u00a0feierlich zur gro\u00dfen <em>Jahrhundertschau des Wissens<\/em>\u00a0in das Atelier Horst Wackerbarth in D\u00fcsseldorf ein. Zu Ehren Max Schemmlers zeigte das IFZ die zeitgenossenschaftliche Ausstellung <em>D\u00fcsseldorf Denken \u2013 Die 100 Wichtigsten Dinge<\/em>.<\/p>\n<p data-wp-editing=\"1\"><a href=\"https:\/\/www.ifz-international.de\/wp-content\/uploads\/2021\/06\/IMG_7498-scaled.jpg\"><img loading=\"lazy\" decoding=\"async\" class=\"aligncenter wp-image-1078\" src=\"https:\/\/www.ifz-international.de\/wp-content\/uploads\/2021\/06\/IMG_7498-1024x683.jpg\" alt=\"\" width=\"800\" height=\"533\" srcset=\"http:\/\/www.ifz-international.de\/wp-content\/uploads\/2021\/06\/IMG_7498-1024x683.jpg 1024w, http:\/\/www.ifz-international.de\/wp-content\/uploads\/2021\/06\/IMG_7498-300x200.jpg 300w, http:\/\/www.ifz-international.de\/wp-content\/uploads\/2021\/06\/IMG_7498-768x512.jpg 768w, http:\/\/www.ifz-international.de\/wp-content\/uploads\/2021\/06\/IMG_7498-1536x1024.jpg 1536w, http:\/\/www.ifz-international.de\/wp-content\/uploads\/2021\/06\/IMG_7498-2048x1365.jpg 2048w\" sizes=\"(max-width: 800px) 100vw, 800px\" \/><\/a><\/p>\n<p><a href=\"https:\/\/www.ifz-international.de\/wp-content\/uploads\/2021\/06\/IMG_7505-scaled.jpg\"><img loading=\"lazy\" decoding=\"async\" class=\"aligncenter wp-image-1080\" src=\"https:\/\/www.ifz-international.de\/wp-content\/uploads\/2021\/06\/IMG_7505-300x200.jpg\" alt=\"\" width=\"800\" height=\"533\" srcset=\"http:\/\/www.ifz-international.de\/wp-content\/uploads\/2021\/06\/IMG_7505-300x200.jpg 300w, http:\/\/www.ifz-international.de\/wp-content\/uploads\/2021\/06\/IMG_7505-1024x683.jpg 1024w, http:\/\/www.ifz-international.de\/wp-content\/uploads\/2021\/06\/IMG_7505-768x512.jpg 768w, http:\/\/www.ifz-international.de\/wp-content\/uploads\/2021\/06\/IMG_7505-1536x1024.jpg 1536w, http:\/\/www.ifz-international.de\/wp-content\/uploads\/2021\/06\/IMG_7505-2048x1365.jpg 2048w\" sizes=\"(max-width: 800px) 100vw, 800px\" \/><\/a><\/p>\n<p><strong>Pr\u00e4sentationen<\/strong><\/p>\n<p>19.3.-30.4.2017 | Die 100 wichtigsten Dinge | Kreismuseum Peine<\/p>\n<p>31.08.2013 | <em>D\u00fcsseldorf Denken &#8211; Jahrhundertschau des Wissens<\/em>, im Rahmen des Projekts \u2018Gr\u00f6\u00dfenwahn im Reservat\u2019,<br \/>\nAtelier Horst Wackerbarth, D\u00fcsseldorf<\/p>\n<p>15.12.2012 | <a href=\"http:\/\/archive.is\/WyFPC\">Junge Nacht 2012<\/a> | Museum Kunstpalast, D\u00fcsseldorf<\/p>\n","protected":false},"excerpt":{"rendered":"<p>Idee | Konzeption | Texte Martin Martin Schlesinger, Timon Karl Kaleyta, Tilman Ezra M\u00fchlenberg, Mischa Lorenz, Samira El Ouassil, Jerome Vazhayil Exhibition-Design | Plakat Mischa Lorenz Sprecher Andreas Potulski Gastautoren Volker Panzer, Claudius Seidl et. al. Aus welchen Dingen k\u00f6nnte die Welt nach ihrem Untergang vollst\u00e4ndig rekonstruiert werden? Welche 100 Dinge sind somit als die [&hellip;]<\/p>\n","protected":false},"author":1,"featured_media":0,"parent":0,"menu_order":0,"comment_status":"closed","ping_status":"closed","template":"","meta":{"footnotes":""},"class_list":["post-158","page","type-page","status-publish","hentry"],"_links":{"self":[{"href":"http:\/\/www.ifz-international.de\/index.php?rest_route=\/wp\/v2\/pages\/158"}],"collection":[{"href":"http:\/\/www.ifz-international.de\/index.php?rest_route=\/wp\/v2\/pages"}],"about":[{"href":"http:\/\/www.ifz-international.de\/index.php?rest_route=\/wp\/v2\/types\/page"}],"author":[{"embeddable":true,"href":"http:\/\/www.ifz-international.de\/index.php?rest_route=\/wp\/v2\/users\/1"}],"replies":[{"embeddable":true,"href":"http:\/\/www.ifz-international.de\/index.php?rest_route=%2Fwp%2Fv2%2Fcomments&post=158"}],"version-history":[{"count":77,"href":"http:\/\/www.ifz-international.de\/index.php?rest_route=\/wp\/v2\/pages\/158\/revisions"}],"predecessor-version":[{"id":1092,"href":"http:\/\/www.ifz-international.de\/index.php?rest_route=\/wp\/v2\/pages\/158\/revisions\/1092"}],"wp:attachment":[{"href":"http:\/\/www.ifz-international.de\/index.php?rest_route=%2Fwp%2Fv2%2Fmedia&parent=158"}],"curies":[{"name":"wp","href":"https:\/\/api.w.org\/{rel}","templated":true}]}}